-9
Calculate 0 + 4 - (11 + -8 + -2 + -1).
4
Calculate -20 - (-3 + (-24 - -12)).
-5
-8 + 1 + (-83 - -69) - (-1 + 11)
-31
Evaluate 0 + (-9 - -21 - (6 + -1)).
7
Calculate 1 - 18 - (7 - 1 - 16).
-7
Calculate (-10 + 5 - 38) + 24 + (6 - 25).
-38
Evaluate -2 + -10 + 12 - (-2 + 3 + 3).
-4
What is the value of (52 - (-27 - -56)) + (1 - (1 - 2))?
25
What is the value of (3 - (22 - 14)) + -11?
-16
Evaluate 33 - (-4 + 32) - -4.
9
What is the value of (9 - 13) + (6 - 5) + (1 - -11)?
9
-1 + 8 - (7 - 4 - (26 - 31))
-1
What is -12 - (-25 + (20 - 0))?
-7
What is the value of (-3 - -28) + -64 - -27?
-12
Evaluate 14 - 20 - -8 - (-7 + -4).
13
-6 - (24 + (4 - 10) + -1)
-23
What is the value of 25 - (-4 + 33 - -12)?
-16
Calculate (-67 + 30 - -34) + (-1 - -10).
6
Calculate 4 + -17 + (15 - 6) - (0 + -1).
-3
38 - (-3 + 40 - 2)
3
Evaluate 20 - -6 - (17 + 12).
-3
Calculate 35 + -6 + -9 - 11 - (-2 - 1).
12
Evaluate 11 - (10 + -5 + 2 - (5 - 0)).
9
0 - -12 - (133 + -131)
10
What is the value of -38 + 10 + -6 + 15?
-19
What is 3 + -40 + 67 + -64?
-34
What is -11 - -34 - (-7 + 11)?
19
What is the value of (1 - 32) + 170 + -158 + 7 - -5?
-7
-8 + 2 + -7 + 17 + 0 + -2
2
What is -18 - (12 + (19 - 49))?
0
Calculate 2 + (-10 - (-12 - 3)) + 7.
14
What is the value of (-8 - -40 - 47) + 9?
-6
What is the value of -35 + (-6 - -16) - (-7 + 18 + -2)?
-34
Calculate -9 - ((-9 - -2) + 8).
-10
Calculate -17 - (0 - 1 - (2 + (-3 - -3))).
-14
What is the value of 32 + (-36 + -41 - -6)?
-39
1 + 2 + 2 + 18
23
What is 3 + (10 - -45 - 20)?
38
Calculate -24 - (-6 - (-3 + (-4 - -18))).
-7
Calculate (56 - 54) + (-6 - (-1 + 1)) - 2.
-6
6 + 1 + (56 - (57 - -3))
3
0 + -18 + (5 + 1 - 2) + 7
-7
What is the value of 1 + -5 + (1 - -11) - -10?
18
What is the value of -7 + 10 + -12 + 19 + -18?
-8
Calculate -81 - -22 - -24 - -12.
-23
What is 0 + -2 - (40 - 2 - (-27 + 47))?
-20
What is the value of -8 - (16 - 6 - 15)?
-3
What is the value of (-1 - (1 - 8)) + (25 + -17 - 14)?
0
Evaluate -15 + (-3 - (-19 + -8 + 15)).
-6
Evaluate -21 + 1 + (20 - (-15 - -26)) + -9.
-20
-12 + 16 + (-4 - -13)
13
Calculate 4 - (21 - (-10 + 10) - (4 - 0)).
-13
Calculate -9 + (21 + -2 - (4 + 1)).
5
What is the value of (-28 - (7 - 8)) + 15?
-12
What is the value of -19 - 1 - (31 + -59 + 16)?
-8
What is -6 + 6 + -12 + 1 - -8?
-3
Evaluate -11 - (-29 + 20 + 1).
-3
What is the value of -184 + 176 + (26 - 3)?
15
Evaluate -7 + 63 + -17 + -4.
35
Evaluate (12 - (11 - 18)) + -9.
10
Calculate -12 + 7 + -34 + 64.
25
Calculate (7 - (-2 - -3)) + -8 - 4.
-6
Evaluate (4 - (11 - -3) - 19 - 3) + 10.
-22
(-8 - (3 + -2)) + 38 + -29
0
Evaluate (2 - 1) + (-18 - -25).
8
Calculate 2 + -2 + 5 - (-12 + -11 + 24).
4
25 - (-5 + 20 - -3)
7
What is the value of 1 + -7 - (-35 + 36) - -17?
10
Evaluate 32 + -2 - (18 - (-6 - (-26 - -9))).
23
What is the value of -8 + (1 - (12 - (2 + 5)))?
-12
What is 31 - (12 + (-7 - 14) - -15)?
25
Evaluate 9 + (1 - -12) + 1.
23
Evaluate 19 - (-2 + (16 + -6 - -1) + -2).
12
What is 6 + (22 - 34 - (1 + -8))?
1
Calculate (108 - 94) + (2 - 16).
0
Calculate (-6 - (-28 - (8 + -20))) + -38.
-28
Evaluate -8 - (-62 + 22 + 21).
11
5 - 1 - ((9 - -42) + -13)
-34
Evaluate -3 - ((-9 - -14) + -22).
14
Evaluate 29 + -8 + -26 - 13.
-18
What is (14 + -8 - 4) + -6 + 0 + 16?
12
What is 8 + -1 + 1 + (6 - -7 - 1)?
20
What is -11 + 3 - (-22 + 25 + 9)?
-20
What is 19 + (-13 + 1 - -3) + -2?
8
Calculate 51 + (-118 - -60) - (-4 + -2).
-1
What is -5 - -1 - ((2 - 1) + -2 + -1)?
-2
Calculate -32 - -2 - (-437 + 392).
15
What is -16 - -24 - ((13 - (6 - 5)) + -3)?
-1
Calculate 2 - (1 + -21 + 11).
11
Calculate -23 - (-33 + -22 + 21).
11
What is 16 - ((47 - (-5 - -15)) + 11)?
-32
Evaluate 13 + 27 + -64 + 29.
5
What is the value of 4 + 3 + (9 - (-4 + 10))?
10
Evaluate -11 + -1 + 5 + -9 + 5.
-11
(113 - 116) + (-1 - (0 - 0) - 4)
-8
Evaluate 5 - -7 - 9 - 7.
-4
What is -10 - (12 + (-11 - -17 - 12))?
-16
What is -21 + 1 - (2 + -7) - (114 + -116)?
-13
What is 5 + -4 + (13 - 8)?
6
Calculate 26 + -48 + 31 + 10.
19
What is -11 + 13 + (-2 - 0) + 1 - -2?
3
What is the value of 0 + 11 + -12 + 21 + -9?
11
What is 12 + 7 + -2 + 35 + -44?
8
Calculate 21 - (6 + 17) - -12.
10
Evaluate -13 - 0 - (959 - 982).
10
4 + 6 - 17 - (-6 - 7)
6
Calculate (6 - 0) + 6 + (-4 + 3 - -7).
18
What is the value of -341 + 357 - (-2 + -2)?
20
What is (-7 - (1 - 5) - -3) + 2?
2
What is the value of 5 + -20 + 3 + 3 + 21?
12
Calculate -6 - (-1 - -1) - (359 + -359).
-6
Calculate (444 - 418) + -3 + -6 + 1.
18
What is the value of 3 + -13 + 10 + (6 - 8)?
-2
Evaluate -51 + 35 + (9 - -6).
-1
Evaluate 19 - ((3 - 6) + 18).
4
What is the value of -693 + 725 - (61 + 3)?
-32
Calculate -14 - -3 - -2 - -15.
6
What is the value of 22 + -27 + -19 + 28?
4
What is -12 - (-6 - (-41 + 23))?
-24
-177 + 186 - (1 - (0 - 0))
8
-27 + 16 + (2 - 2)
-11
-9 + (6 - (11 + -6 + 3 + 1))
-12
Evaluate -4 + -1 - (12 - (-2 + 9)).
-10
Calculate -6 + 5 + -5 + 9 - 3.
0
-2 + -1 + 2 + 14 - (2161 + -2156)
8
Calculate (-3 - (17 + 6)) + 16.
-10
What is the value of 41 - (-41 + 9 - -63)?
10
What is -11 - (-16 - 27) - 18?
14
Evaluate 5 + -5 - 11 - -5 - -3.
-3
Evaluate 7 + -8 + (4 - 1) + (4 - 10).
-4
Calculate (60 - 4) + 114 + -147.
23
What is -1 - (10 + -24) - 6 - 11?
-4
What is 49 + -37 + 15 + (0 - 12)?
15
-4 - (1 + 4 + -3) - 1
-7
What is 2 - 22 - (-7 - (-12 - (-13 + 7)))?
-19
Calculate (-12 - 2) + 41 + -51.
-24
10 + -24 + 11 + 12
9
What is the value of 26 - 14 - (-9 + (-8 - 0))?
29
Calculate -10 + (-2 - (7 - 5)).
-14
Calculate 0 + -12 - (9 - 27) - 29.
-23
(-9 - 1 - (14 + -16)) + 21
13
Evaluate -10 + 37 - 35 - (-38 + -1).
31
1 + -10 + (31 - 14)
8
What is -2 - 0 - 7 - (-174 + 165)?
0
10 + 1 + -18 + -104 + 98 + -4
-17
(-1 - 4) + (21 + -29 - -7)
-6
-1 - 0 - (-8 - -1) - (-29 + 19)
16
24 + -36 - (0 + -16) - 34
-30
-11 - (-8 + (-15 - -21))
-9
What is -6 - (5 - ((7 - 6) + 16)) - 12?
-6
What is 1 + -1 + (-31 - -46)?
15
(203 - 199) + (-6 - 0)
-2
Calculate -30 + -2 + 12 - 5.
-25
What is (20 + -1 - 23) + 12?
8
What is the value of -10 + (1 + 1 + 1 + -1 - 3)?
-11
Evaluate -7 - -3 - (2 + -2).
-4
What is the value of 15 + -2 - (64 + -10 - 18)?
-23
What is -1 + 5 + -4 - -3 - (13 + 2)?
-12
7 - -11 - 17 - 25 - (-2 + -3)
-19
5 + ((-7 - -2) + 1 - (-40 - -49))
-8
What is 0 - (-8 + -3 + 9 + -4 - 6)?
12
Calculate 53 - 58 - (-2 + (-22 - -1 - -2)).
16
Calculate -15 + (30 - 7) - (-7 + 1).
14
What is 12 - ((6 - -7) + -18)?
17
(-2 - -3) + -4 + (19 - 13) - 21
-18
What is the value of -2 + (-14 - -12 - 5) + 5?
-4
What is the value of -2 - -5 - (-4 - (-30 - -5))?
-18
1 + -3 + -5 + 10 + 1 + -4
0
What is 17 + -13 + (-12 - -1) + -9?
-16
Evaluate 0 + -10 + 0 + 39 + -60.
-31
Evaluate -11 + -6 + 14 + 19.
16
What is 11 + 1 - (38 - (6 - 10 - -27))?
-3
Evaluate 6 + (7 + (11 - (7 + 0)) - 17).
0
Calculate -5 + -14 + 25 + -14 + -1.
-9
(-44 + 26 - (-1 + 14)) + 13
-18
Calculate -6 + (-2 - -4) + (-18 - (-29 + 18)).
-11
Calculate (3 - 7) + (-33 - -27) + (1 - -10).
1
9 + -1 - (-54 - -71)
-9
What is ((0 - 4) + 12 - -2) + -34?
-24
What is the value of 8 - (-16 + 30 - (9 + -3))?
0
Evaluate -3 - (12 - -1 - 10 - 23).
17
Calculate 6 + -6 + 0 - (13 - 8).
-5
What is (-4 + 2 - 2 - (0 - 2)) + -3?
-5
Calculate (8 - 22) + (5 - (-2 - 10)).
3
What is the value of (10 - 29) + 3 + -6?
-22
Evaluate (-8 + -1 - (-19 + 13)) + 2.
-1
Calculate (-90 - -89) + 26 + -1.
24
What is 15 + -1 + 10 - (-4 + 0)?
28
Evaluate (-9 - (-47 - 10)) + -24.
24
Evaluate 11 + -8 + -10 + 9 + 8 + -13.
-3
Evaluate 17 + -49 - (2 - (7 + 2)).
-25
Calculate 3 + -5 + 1 - (-6 + -4 + 2).
7
What is -27 - (-38 + 14) - 18?
-21
What is the value of 3 - (-1 + 12) - -5 - (-41 + -1)?
39
Calculate (81 - 121) + (51 - -7).
18
What is the value of (2 - 1) + (-17 - 1 - -46) + -22?
7
Calculate (2 - (3 - 3) - (3 + 1)) + -4.
-6
Calculate 17 + -2 + 380 + -426.
-31
Calculate 0 + (1 - (-6 + (6 - 4))) + 4.
9
Evaluate -1 - (23 + 2) - -35.
9
Calculate 4 + -5 + 0 + 3 + -5 + 18.
15
Evaluate 9 + (7 + -18 - 6).
-8
What is -4 - 3 - ((-13 - -3) + 13)?
-10
What is the value of -34 - (0 - 1 - (68 - 28 - 33))?
-26
What is the value of 12 + -10 + (7 - (10 + -8 + 0))?
7
What is 37 + (15 - (41 - 14 - -6))?
19
Evaluate (-3 + (-2 - -9) - -11) + -29 + 35.
21
What is the value of -1 - ((-5 - (-1 - -5 - 1)) + 28)?
-21
Evaluate 15 - (-5 + 11 + (3 - -1)).
5
What is the value of (14 - (-1